f 13139370?
2, 3, 5, 67, 2179
List the prime factors of 91341.
3, 17, 199
List the prime factors of 1043949.
3, 347983
List the prime factors of 827721.
3, 91969
List the prime factors of 485221.
11, 44111
What are the prime factors of 1701436?
2, 11, 38669
List the prime factors of 7238771.
101, 71671
What are the prime factors of 285846?
2, 3, 11, 61, 71
What are the prime factors of 26851218?
2, 3, 19, 235537
What are the prime factors of 218385?
3, 5, 23, 211
What are the prime factors of 24131591?
11, 67, 137, 239
List the prime factors of 1597180.
2, 5, 13, 6143
List the prime factors of 493499.
223, 2213
What are the prime factors of 12157934?
2, 89, 167, 409
What are the prime factors of 1518487?
1013, 1499
What are the prime factors of 5084398?
2, 11, 231109
What are the prime factors of 12020653?
31, 387763
What are the prime factors of 192493?
7, 107, 257
What are the prime factors of 229453?
7, 32779
What are the prime factors of 10192843?
17, 47, 12757
What are the prime factors of 59380?
2, 5, 2969
List the prime factors of 9225634.
2, 11, 157, 2671
What are the prime factors of 7160150?
2, 5, 19, 7537
List the prime factors of 268905.
3, 5, 7, 13, 197
What are the prime factors of 6810383?
43, 251, 631
List the prime factors of 12039718.
2, 23, 31, 8443
What are the prime factors of 131509?
7, 18787
What are the prime factors of 79193?
79193
List the prime factors of 208685.
5, 41737
List the prime factors of 113142.
2, 3, 109, 173
What are the prime factors of 546612?
2, 3, 11, 41, 101
List the prime factors of 17850564.
2, 3, 197, 839
List the prime factors of 28887297.
3, 9629099
What are the prime factors of 2169714?
2, 3, 53, 6823
What are the prime factors of 6316047?
3, 701783
What are the prime factors of 72822?
2, 3, 53, 229
List the prime factors of 1938932.
2, 484733
What are the prime factors of 2715335?
5, 7, 11083
List the prime factors of 8112004.
2, 373, 5437
List the prime factors of 2588788.
2, 19, 23, 1481
List the prime factors of 4213025.
5, 17, 23, 431
List the prime factors of 721556.
2, 11, 23, 31
List the prime factors of 973463.
41, 23743
What are the prime factors of 1426652?
2, 356663
What are the prime factors of 23841?
3, 883
List the prime factors of 104054.
2, 52027
What are the prime factors of 13088468?
2, 1321, 2477
What are the prime factors of 9092559?
3, 7, 432979
What are the prime factors of 6870811?
6870811
List the prime factors of 8803173.
3, 373, 7867
List the prime factors of 254054.
2, 59, 2153
What are the prime factors of 166341?
3, 7, 89
What are the prime factors of 11269797?
3, 7, 11, 48787
What are the prime factors of 176670?
2, 3, 5, 13, 151
List the prime factors of 671194.
2, 17, 19, 1039
List the prime factors of 184484.
2, 17, 2713
What are the prime factors of 170720?
2, 5, 11, 97
What are the prime factors of 1484398?
2, 742199
What are the prime factors of 1566855?
3, 5, 34819
List the prime factors of 171292.
2, 11, 17, 229
List the prime factors of 318219.
3, 11, 9643
What are the prime factors of 6642091?
31, 167, 1283
List the prime factors of 77687.
77687
What are the prime factors of 303049?
303049
What are the prime factors of 619635?
3, 5, 101, 409
List the prime factors of 126507.
3, 42169
What are the prime factors of 611164?
2, 152791
List the prime factors of 713454.
2, 3, 7, 16987
List the prime factors of 6930692.
2, 37, 46829
What are the prime factors of 249601?
11, 22691
What are the prime factors of 4838777?
827, 5851
What are the prime factors of 6131559?
3, 7, 291979
List the prime factors of 1851646.
2, 925823
What are the prime factors of 2520710?
2, 5, 83, 3037
List the prime factors of 34411476.
2, 3, 11, 103, 2531
List the prime factors of 64880.
2, 5, 811
List the prime factors of 669767.
7, 163, 587
List the prime factors of 2251198.
2, 1125599
List the prime factors of 2318894.
2, 1159447
What are the prime factors of 182690?
2, 5, 18269
What are the prime factors of 14027516?
2, 17, 23, 8969
List the prime factors of 2373973.
7, 339139
What are the prime factors of 26110978?
2, 19, 687131
List the prime factors of 6311735.
5, 67, 83, 227
What are the prime factors of 981015?
3, 5, 7, 9343
What are the prime factors of 5470272?
2, 3, 9497
What are the prime factors of 11123735?
5, 7, 45403
List the prime factors of 444749.
43, 10343
List the prime factors of 1425180.
2, 3, 5, 23753
List the prime factors of 75244.
2, 13, 1447
List the prime factors of 311376.
2, 3, 13, 499
List the prime factors of 348545.
5, 69709
What are the prime factors of 203137?
11, 59, 313
List the prime factors of 4978249.
491, 10139
What are the prime factors of 7254359?
7, 17, 60961
List the prime factors of 3198952.
2, 31, 12899
List the prime factors of 1331753.
43, 30971
List the prime factors of 7831462.
2, 3915731
What are the prime factors of 50121?
3, 5569
List the prime factors of 15169404.
2, 3, 547, 2311
What are the prime factors of 1993815?
3, 5, 547
What are the prime factors of 902513?
17, 53089
What are the prime factors of 101030?
2, 5, 10103
List the prime factors of 1500454.
2, 17, 44131
What are the prime factors of 3459148?
2, 7, 11, 1021
List the prime factors of 9519883.
31, 307093
What are the prime factors of 258389?
258389
What are the prime factors of 145546?
2, 61, 1193
What are the prime factors of 461251?
7, 131, 503
List the prime factors of 584351.
47, 12433
What are the prime factors of 1748212?
2, 17, 47, 547
What are the prime factors of 110661?
3, 36887
What are the prime factors of 73665?
3, 5, 1637
List the prime factors of 3202253.
43, 74471
What are the prime factors of 1253580?
2, 3, 5, 17, 1229
What are the prime factors of 16989249?
3, 19, 23, 12959
List the prime factors of 406404.
2, 3, 53, 71
What are the prime factors of 278642?
2, 7, 13, 1531
List the prime factors of 240447.
3, 80149
List the prime factors of 2965584.
2, 3, 31, 1993
List the prime factors of 32675.
5, 1307
What are the prime factors of 2367562?
2, 1183781
List the prime factors of 3273594.
2, 3, 545599
List the prime factors of 348225.
3, 5, 4643
What are the prime factors of 367500?
2, 3, 5, 7
List the prime factors of 2637848.
2, 257, 1283
What are the prime factors of 866832?
2, 3, 18059
What are the prime factors of 1686049?
1686049
List the prime factors of 16594666.
2, 11, 47, 1459
List the prime factors of 3807023.
11, 73, 431
List the prime factors of 22107581.
22107581
List the prime factors of 4065349.
43, 94543
List the prime factors of 208982.
2, 104491
What are the prime factors of 196697?
239, 823
What are the prime factors of 19539513?
3, 7, 193, 1607
What are the prime factors of 1262871?
3, 5197
List the prime factors of 2168626.
2, 1084313
What are the prime factors of 147609?
3, 7, 11, 71
List the prime factors of 699744.
2, 3, 37, 197
List the prime factors of 2873883.
3, 19, 127, 397
What are the prime factors of 3149338?
2, 1574669
What are the prime factors of 124119?
3, 4597
List the prime factors of 22755015.
3, 5, 137, 3691
What are the prime factors of 1553191?
1553191
What are the prime factors of 296614?
2, 43, 3449
What are the prime factors of 49070?
2, 5, 7, 701
What are the prime factors of 9022366?
2, 109, 41387
What are the prime factors of 5448959?
17, 251, 1277
What are the prime factors of 5059817?
7, 293, 2467
What are the prime factors of 436403?
11, 97, 409
List the prime factors of 279596.
2, 69899
List the prime factors of 43964.
2, 29, 379
List the prime factors of 19163066.
2, 13, 737041
What are the prime factors of 46574?
2, 11, 29, 73
What are the prime factors of 695666?
2, 19, 18307
List the prime factors of 1864164.
2, 3, 59, 2633
List the prime factors of 1232616.
2, 3, 7, 11, 23, 29
List the prime factors of 7243995.
3, 5, 11, 43, 1021
What are the prime factors of 316866?
2, 3, 11, 4801
What are the prime factors of 1474918?
2, 31, 23789
What are the prime factors of 92620?
2, 5, 11, 421
What are the prime factors of 2658466?
2, 1329233
List the prime factors of 8276665.
5, 23, 71971
What are the prime factors of 1018279?
23, 44273
List the prime factors of 192933.
3, 13, 17, 97
What are the prime factors of 5072383?
461, 11003
List the prime factors of 936984.
2, 3, 39041
List the prime fact